d by 2734.
31
What is the remainder when 1107 is divided by 119?
36
Calculate the remainder when 2742 is divided by 525.
117
Calculate the remainder when 237 is divided by 17.
16
What is the remainder when 12327 is divided by 2?
1
What is the remainder when 667 is divided by 508?
159
Calculate the remainder when 341400 is divided by 178.
174
Calculate the remainder when 61354 is divided by 2275.
2204
Calculate the remainder when 4596 is divided by 4007.
589
Calculate the remainder when 136401 is divided by 421.
418
What is the remainder when 377565 is divided by 18?
15
What is the remainder when 12915 is divided by 1062?
171
What is the remainder when 559254 is divided by 106?
104
What is the remainder when 2716 is divided by 34?
30
Calculate the remainder when 7566 is divided by 188.
46
What is the remainder when 6643 is divided by 808?
179
What is the remainder when 14158 is divided by 1282?
56
Calculate the remainder when 528205 is divided by 91.
41
Calculate the remainder when 17684 is divided by 738.
710
What is the remainder when 46816 is divided by 27?
25
What is the remainder when 23338 is divided by 5824?
42
What is the remainder when 971150 is divided by 92?
90
Calculate the remainder when 29336 is divided by 635.
126
Calculate the remainder when 780 is divided by 82.
42
What is the remainder when 65634 is divided by 51?
48
What is the remainder when 1013 is divided by 124?
21
What is the remainder when 960 is divided by 147?
78
Calculate the remainder when 1884 is divided by 326.
254
What is the remainder when 35351 is divided by 11781?
8
What is the remainder when 120309 is divided by 216?
213
Calculate the remainder when 22957 is divided by 791.
18
What is the remainder when 43350 is divided by 153?
51
What is the remainder when 792970 is divided by 2661?
2653
Calculate the remainder when 60252 is divided by 726.
720
What is the remainder when 1811 is divided by 11?
7
What is the remainder when 60943 is divided by 8?
7
Calculate the remainder when 304215 is divided by 106.
101
What is the remainder when 140397 is divided by 80?
77
What is the remainder when 2657 is divided by 18?
11
Calculate the remainder when 1813 is divided by 409.
177
Calculate the remainder when 2134 is divided by 58.
46
Calculate the remainder when 21865 is divided by 44.
41
Calculate the remainder when 11827 is divided by 13.
10
Calculate the remainder when 24059 is divided by 454.
451
What is the remainder when 47846 is divided by 41?
40
Calculate the remainder when 3721 is divided by 741.
16
Calculate the remainder when 892858 is divided by 73.
68
Calculate the remainder when 217244 is divided by 125.
119
What is the remainder when 3019 is divided by 114?
55
What is the remainder when 12736 is divided by 1062?
1054
What is the remainder when 1799 is divided by 342?
89
What is the remainder when 78623 is divided by 8?
7
Calculate the remainder when 2189 is divided by 114.
23
What is the remainder when 2929 is divided by 45?
4
Calculate the remainder when 8031 is divided by 67.
58
What is the remainder when 126452 is divided by 2690?
22
What is the remainder when 6840 is divided by 569?
12
Calculate the remainder when 706 is divided by 325.
56
Calculate the remainder when 22069 is divided by 423.
73
Calculate the remainder when 406104 is divided by 22.
6
Calculate the remainder when 12928 is divided by 14.
6
Calculate the remainder when 81425 is divided by 59.
5
What is the remainder when 4314 is divided by 154?
2
What is the remainder when 5903 is divided by 396?
359
Calculate the remainder when 42446 is divided by 903.
5
Calculate the remainder when 16193 is divided by 1797.
20
Calculate the remainder when 603002 is divided by 28714.
8
Calculate the remainder when 1683 is divided by 809.
65
What is the remainder when 6834 is divided by 168?
114
What is the remainder when 612169 is divided by 1611?
1600
Calculate the remainder when 855948 is divided by 106.
104
Calculate the remainder when 216248 is divided by 173.
171
Calculate the remainder when 9046 is divided by 636.
142
What is the remainder when 2838 is divided by 945?
3
Calculate the remainder when 108953 is divided by 18.
17
Calculate the remainder when 58690 is divided by 85.
40
What is the remainder when 21095 is divided by 1622?
9
Calculate the remainder when 3822 is divided by 5.
2
Calculate the remainder when 76084 is divided by 590.
564
What is the remainder when 1873 is divided by 82?
69
Calculate the remainder when 732 is divided by 218.
78
Calculate the remainder when 29022 is divided by 518.
14
What is the remainder when 282244 is divided by 282200?
44
What is the remainder when 1309 is divided by 384?
157
What is the remainder when 36655 is divided by 748?
3
Calculate the remainder when 4266 is divided by 5.
1
What is the remainder when 6842 is divided by 440?
242
Calculate the remainder when 14191 is divided by 59.
31
Calculate the remainder when 15713 is divided by 2231.
96
Calculate the remainder when 1498 is divided by 1495.
3
Calculate the remainder when 23356 is divided by 141.
91
Calculate the remainder when 18161 is divided by 73.
57
What is the remainder when 44095 is divided by 21?
16
Calculate the remainder when 504856 is divided by 7.
2
What is the remainder when 2521906 is divided by 2052?
2050
Calculate the remainder when 50061 is divided by 84.
81
What is the remainder when 754 is divided by 251?
1
Calculate the remainder when 91473 is divided by 108.
105
Calculate the remainder when 6028 is divided by 1925.
253
What is the remainder when 9517 is divided by 280?
277
What is the remainder when 11549 is divided by 127?
119
Calculate the remainder when 792943 is divided by 8.
7
Calculate the remainder when 12711 is divided by 69.
15
What is the remainder when 687 is divided by 194?
105
What is the remainder when 623829 is divided by 561?
558
Calculate the remainder when 119315 is divided by 2130.
35
What is the remainder when 160683 is divided by 864?
843
What is the remainder when 4325 is divided by 431?
15
What is the remainder when 15389 is divided by 144?
125
What is the remainder when 1176611 is divided by 13?
7
What is the remainder when 8405 is divided by 2178?
1871
Calculate the remainder when 299547 is divided by 3566.
3
What is the remainder when 5276 is divided by 748?
40
Calculate the remainder when 50964 is divided by 2122.
36
Calculate the remainder when 7190 is divided by 89.
70
What is the remainder when 83376 is divided by 41656?
64
What is the remainder when 30276 is divided by 1210?
26
Calculate the remainder when 59431 is divided by 91.
8
What is the remainder when 4591 is divided by 4571?
20
Calculate the remainder when 3447 is divided by 3303.
144
Calculate the remainder when 42297 is divided by 1208.
17
What is the remainder when 3250 is divided by 3239?
11
Calculate the remainder when 10882 is divided by 247.
14
What is the remainder when 10929 is divided by 3641?
6
Calculate the remainder when 1920 is divided by 535.
315
Calculate the remainder when 29563 is divided by 1133.
105
What is the remainder when 18524 is divided by 39?
38
Calculate the remainder when 5552 is divided by 41.
17
What is the remainder when 712171 is divided by 802?
797
What is the remainder when 23127 is divided by 59?
58
Calculate the remainder when 680020 is divided by 18.
16
Calculate the remainder when 97560 is divided by 278.
260
What is the remainder when 1351 is divided by 1167?
184
Calculate the remainder when 15463 is divided by 324.
235
Calculate the remainder when 964822 is divided by 17.
4
What is the remainder when 31274 is divided by 549?
530
What is the remainder when 243493 is divided by 9?
7
What is the remainder when 5307 is divided by 311?
20
What is the remainder when 2406 is divided by 567?
138
Calculate the remainder when 324959 is divided by 1383.
1337
Calculate the remainder when 1710 is divided by 1690.
20
What is the remainder when 3707 is divided by 892?
139
What is the remainder when 17980 is divided by 236?
44
Calculate the remainder when 48691 is divided by 1803.
10
Calculate the remainder when 1582903 is divided by 412.
411
Calculate the remainder when 6205 is divided by 29.
28
What is the remainder when 7078 is divided by 1001?
71
Calculate t